- 208. What is c(5)?
-33
Let n(f) = f**3 - 19*f**2 + 36*f - 45. Calculate n(17).
-11
Let p(w) = -w**2 + 42*w + 134. Calculate p(43).
91
Let l(r) = -119*r + 1115. Determine l(9).
44
Let u(h) = 2*h**2 + 8*h - 417. Calculate u(-17).
25
Let f(w) = -w**3 + 127*w**2 + 256*w + 252. Give f(129).
-6
Let t(d) = -18*d**3 + 21*d**2 - 32*d - 10. Give t(2).
-134
Let f(v) = v**2 + 41*v + 108. Calculate f(-3).
-6
Let z(w) = 5*w - 216. Give z(29).
-71
Let i(o) = 3*o**2 - 287*o + 999. Calculate i(92).
-13
Let t(j) = -j**3 + 29*j**2 + 64*j - 77. Calculate t(31).
-15
Let s(t) = 122*t**3 + 6*t**2 + 6*t + 2. What is s(-1)?
-120
Let w(u) = -2207*u + 114772. What is w(52)?
8
Let f(z) = z**3 + 6*z**2 - 4*z - 9. Give f(-5).
36
Let c(x) = -x**3 + 52*x**2 + 203*x + 8. Determine c(-4).
92
Let i(o) = 95*o + 257. Give i(-3).
-28
Let y(l) = -14*l**2 - 128*l - 16. What is y(-9)?
2
Let y(l) = 2*l**2 - 136*l + 165. Give y(66).
-99
Let d(p) = 133*p - 2028. What is d(16)?
100
Let o(d) = 535*d + 22472. Give o(-42).
2
Let q(f) = -3*f**2 + f - 1. Calculate q(-8).
-201
Let a(j) = 2*j**2 - 85*j - 547. Give a(-6).
35
Let c(w) = -107*w - 427. Calculate c(-4).
1
Let x(z) = 4*z**2 + 12*z - 59. What is x(0)?
-59
Let n(p) = 383*p + 204. Calculate n(-1).
-179
Let i(g) = -13*g + 113. Determine i(13).
-56
Let x(z) = 12*z**2 - 66*z - 26. Give x(6).
10
Let k(q) = 2*q**3 + 9*q + 14. Give k(-4).
-150
Let m(u) = -3*u**2 - 8*u + 695. Give m(14).
-5
Let j(y) = y**2 + 4*y - 467. Determine j(-24).
13
Let f(q) = -5*q**3 + 48*q**2 - 11*q - 8. Give f(9).
136
Let x(s) = -396*s - 1299. Determine x(-4).
285
Let t(s) = -130*s - 137. Give t(-5).
513
Let b(t) = t**3 - 4*t**2 - 56*t + 233. Calculate b(4).
9
Let h(b) = 2*b**3 + 7*b**2 - b - 73. Determine h(0).
-73
Let a(k) = -120*k + 848. Give a(7).
8
Let f(x) = -15*x + 263. Give f(10).
113
Let k(i) = -4*i**3 - 55*i**2 + 18*i + 19. What is k(-14)?
-37
Let m(h) = 22*h + 282. Calculate m(-12).
18
Let u(m) = m**2 + 102*m + 1693. Determine u(-22).
-67
Let m(z) = z**3 - 5*z**2 + z + 33. Give m(5).
38
Let j(c) = -c**3 + 13*c**2 + 4*c - 3. Calculate j(13).
49
Let y(v) = -84*v - 60. Determine y(0).
-60
Let f(p) = -2348*p - 7044. Calculate f(-3).
0
Let g(n) = -n**3 - n**2 - 7*n - 5. Give g(-1).
2
Let h(z) = -z**2 - 9*z + 8. What is h(5)?
-62
Let g(y) = -86*y + 868. What is g(10)?
8
Let w(i) = i**3 + 11*i**2 - 58*i - 14. Calculate w(4).
-6
Let y(z) = -215*z**3 + 3*z - 3. Give y(1).
-215
Let v(w) = -2*w**2 + 37*w - 110. What is v(14)?
16
Let a(q) = -85*q - 926. Determine a(-11).
9
Let z(m) = 3*m**2 - 27*m + 319. Determine z(11).
385
Let n(c) = -c**3 + 25*c**2 - 7*c + 138. Give n(25).
-37
Let h(n) = -4*n + 50. What is h(21)?
-34
Let d(f) = -f**3 + 94*f**2 - 446*f + 70. What is d(89)?
-19
Let z(k) = -k**2 + 6*k - 21. What is z(5)?
-16
Let g(d) = 26*d**2 + 224*d - 226. What is g(1)?
24
Let t(h) = -379*h - 37. What is t(-1)?
342
Let q(s) = -214*s - 1062. What is q(-5)?
8
Let d(q) = -q**2 - 9*q + 40. Determine d(-13).
-12
Let n(y) = -14864*y + 133783. Give n(9).
7
Let p(w) = -w**3 - 32*w**2 + 106*w + 82. Calculate p(-35).
47
Let m(s) = 3*s**2 + 345*s - 342. Calculate m(-116).
6
Let u(i) = -2*i**3 + 17*i**2 + 234*i + 121. Determine u(-7).
2
Let w(m) = 3*m**3 - 15*m**2 - 8*m + 88. What is w(4)?
8
Let a(n) = -56*n - 3. Give a(1).
-59
Let t(s) = 59*s - 1417. Calculate t(24).
-1
Let c(q) = -q**3 + 41*q**2 - 30*q + 238. Determine c(40).
638
Let v(y) = -y**3 + 27*y - 10. What is v(5)?
0
Let z(l) = l**3 - 10*l**2 - 33*l + 330. Give z(6).
-12
Let p(z) = -z**3 - 95*z**2 - 174*z + 1113. Determine p(-93).
-3
Let y(t) = t**2 - 104*t + 484. What is y(5)?
-11
Let j(a) = -92*a + 258. What is j(3)?
-18
Let u(k) = -3*k**2 - 16*k + 14. Give u(-8).
-50
Let d(f) = -f**2 + 42*f - 474. What is d(33)?
-177
Let p(c) = -703*c**2 + 28825*c - 83. Calculate p(41).
-1
Let k(f) = -78*f - 287. Give k(-4).
25
Let u(r) = -r**3 - 21*r**2 + 131*r + 21. Calculate u(-26).
-5
Let h(c) = -2*c**2 - 26*c - 55. Give h(-16).
-151
Let u(p) = p**2 - 98*p + 2124. Calculate u(33).
-21
Let v(z) = 187*z - 3549. Determine v(19).
4
Let d(x) = 7*x**3 - 91*x**2 + 166*x - 2162. Determine d(13).
-4
Let v(r) = -3*r**2 - 38*r + 70. Determine v(9).
-515
Let o(w) = 47*w**3 - 1586*w**2 - 405*w - 105. Calculate o(34).
-3
Let i(x) = 24*x + 245. What is i(6)?
389
Let r(c) = 127*c + 14. Give r(0).
14
Let k(h) = h**3 + 36*h**2 - 119*h + 263. What is k(-39)?
341
Let t(j) = 23*j - 1891. Calculate t(82).
-5
Let t(j) = -j**2 + 22*j + 31. Calculate t(20).
71
Let b(q) = 2*q**3 - 118*q**2 - 117*q - 165. Determine b(60).
15
Let t(z) = -104*z + 288. Calculate t(3).
-24
Let w(k) = -98*k + 819. Determine w(7).
133
Let i(y) = -2*y**2 - 44*y - 310. What is i(-18)?
-166
Let x(m) = -m**3 - 23*m**2 - 85*m - 172. What is x(-19)?
-1
Let l(n) = -259*n + 1890. Give l(7).
77
Let s(x) = 20*x + 49. Give s(-3).
-11
Let n(o) = o**3 + 20*o**2 + 53*o + 46. Give n(-17).
12
Let z(q) = 82*q - 4423. Give z(54).
5
Let t(a) = -a**2 - 460*a + 6642. What is t(14)?
6
Let s(n) = -57*n**2 - 1037*n - 123. Determine s(-18).
75
Let d(f) = -2*f**3 + 3*f**2 - 45*f - 270. Calculate d(-5).
280
Let q(i) = -i**3 - 14*i**2 + 98*i + 92. Calculate q(-19).
35
Let y(r) = 44*r - 1540. Calculate y(15).
-880
Let j(w) = w**3 + 53*w**2 - 203*w - 8043. Give j(-54).
3
Let h(p) = -202*p + 5445. Give h(27).
-9
Let v(g) = 10*g**3 + g - 2. Give v(1).
9
Let s(g) = -3*g**3 - 72*g**2 - 183*g + 142. Determine s(-21).
16
Let h(s) = -3*s**3 + 18*s**2 - 4*s + 8. Give h(6).
-16
Let z(l) = l**3 + 2*l**2 + 3*l. What is z(-4)?
-44
Let y(t) = 2*t**3 - 12*t**2 - 8*t - 3. What is y(7)?
39
Let o(l) = -l**3 + 16*l**2 - 16*l + 118. Determine o(15).
103
Let w(g) = 2*g**2 - 171*g + 203. Calculate w(84).
-49
Let x(w) = 154*w + 235. Calculate x(-3).
-227
Let p(m) = -20*m - 1478. Give p(-74).
2
Let k(h) = 4*h - 91. Give k(32).
37
Let f(r) = 2*r**2 - 4604*r + 27549. Calculate f(6).
-3
Let b(k) = k**3 - 63*k**2 - 413*k + 3. Determine b(-6).
-3
Let c(y) = y**3 + 28*y**2 - 97*y - 115. Calculate c(-31).
9
Let d(k) = -54*k - 2212. Calculate d(-42).
56
Let p(m) = m**2 - 194*m + 8513. Determine p(127).
4
Let k(l) = 2*l**2 + 52*l + 367. Determine k(-14).
31
Let x(z) = -2*z**2 + 18*z + 608. Give x(-13).
36
Let f(v) = -84*v - 5016. What is f(-59)?
-60
Let v(i) = -3524*i - 394684. Calculate v(-112).
4
Let f(w) = -32*w + 1131. Determine f(36).
-21
Let r(h) = h**3 + 24*h**2 - 55*h - 37. Give r(-26).
41
Let q(m) = -7*m**3 + 3*m**2 + 2*m - 2. Determine q(1).
-4
Let s(m) = 70*m - 1453. Determine s(23).
157
Let j(f) = -2254*f + 13524. Determine j(6).
0
Let a(p) = -323*p - 2977. Give a(-9).
-70
Let z(f) = 313*f**2 + 6*f - 3. Give z(1).
316
Let a(y) = -y**3 - 25*y**2 - 7*y - 327. Give a(-26).
531
Let d(b) = -14*b + 1635. Give d(115).
25
Let b(v) = 108*v + 9602. Give b(-89).
-10
Let b(l) = -l**3 + 11*l**2 - 16*l - 18. What is b(9)?
0
Let t(y) = -y**2 + 67*y + 5744. Determine t(-49).
60
Let v(j) = -384*j - 1497. Calculate v(-4).
39
Let v(z) = -208*z**3 - 4*z**2 - 3*z - 1. Give v(-1).
206
Let v(z) = -29*z**3 + 11*z**2 - 11*z + 9. Give v(2).
-201
Let o(p) = -p**2 - 69*p + 530. What is o(-76)?
-2
Let a(o) = -o**3 + 7*o**2 + 22*o - 57. Determine a(9).
-21
Let c(v) = -21*v - 160. Determine c(-10).
50
Let g(r) = r**3 - 136*r**2 + 270*r + 1. Give g(2).
5
Let x(f) = -f**2 - 31*f - 35. Give x(-31).
-35
Let n(f) = 236*f - 1567. Give n(7).
85
Let a(h) = -h**3 - 6*h**2 + 26*h - 17. Give a(1).
2
Let i(b) = 4*b**3 - 7*b**2 - 9*b - 8. Determine i(-2).
-50
Let c(q) = -131*q + 656. Determine c(5).
1
Let a(j) = -4*j**3 - 16*j**2 + 49*j + 93. What is a(-5)?
-52
Let j(h) = 866*h**2 - h - 40. What is j(0)?
-40
Let d(x) = -x**3 - 485*x**2 - 6137*x - 19. Determine d(-13).
-6
Let p(t) = -9*t + 419. Give p(14).
293
Let d(h) = 33*h - 758. Determine d(24).
34
Let m(b) = -652*b - 18928. Give m(-29).
-20
Let d(t) = -t**2 + 67*t + 199. Determine d(72).
-161
Let a(l) = 32*l - 605. What is a(14)?
-157
Let k(x) = x**3 - 18*x**2 - 36*x - 32. Give k(20).
48
Let t(p) = -11*p**2 + 165*p + 157. Calculate t(16).
-19
Let i(a) = -359*a + 75744. Determine i(211).
-5
Let d(m) = 2*m**2 + 69*m - 7058. Give d(-79).
-27
Let x(s) = -s**2 - 48*s - 321. Calculate x(-40).
-1
Let q(n) = n**3 - 12*n**2 + 51*n - 558. Determine q(12).
54
Let o(l) = 513*l - 7723. Give o(15).
-28
Let q(r) = 26*r + 1